{"id":1580,"date":"2024-12-04T18:56:39","date_gmt":"2024-12-04T15:56:39","guid":{"rendered":"https:\/\/rozetevi.com.tr\/?page_id=1580"},"modified":"2024-12-04T19:44:51","modified_gmt":"2024-12-04T16:44:51","slug":"bilgitoplumuhizmetleri","status":"publish","type":"page","link":"https:\/\/rozetevi.com.tr\/?page_id=1580","title":{"rendered":"Bilgi Toplumu Hizmetleri"},"content":{"rendered":"\t\t<div data-elementor-type=\"wp-page\" data-elementor-id=\"1580\" class=\"elementor elementor-1580\" data-elementor-post-type=\"page\">\n\t\t\t\t<div class=\"elementor-element elementor-element-3776f1c8 e-con-full e-flex e-con e-parent\" data-id=\"3776f1c8\" data-element_type=\"container\" data-e-type=\"container\">\n\t\t<div class=\"elementor-element elementor-element-6ad31cf5 e-con-full e-flex e-con e-child\" data-id=\"6ad31cf5\" data-element_type=\"container\" data-e-type=\"container\" data-settings=\"{&quot;background_background&quot;:&quot;classic&quot;}\">\n\t\t\t\t<div class=\"elementor-element elementor-element-4ee7fab0 elementor-widget elementor-widget-heading\" data-id=\"4ee7fab0\" data-element_type=\"widget\" data-e-type=\"widget\" data-widget_type=\"heading.default\">\n\t\t\t\t<div class=\"elementor-widget-container\">\n\t\t\t\t\t<h1 class=\"elementor-heading-title elementor-size-default\">Bilgi Toplumu Hizmetleri<\/h1>\t\t\t\t<\/div>\n\t\t\t\t<\/div>\n\t\t\t\t<\/div>\n\t\t<div class=\"elementor-element elementor-element-557c6f9e e-con-full e-flex e-con e-child\" data-id=\"557c6f9e\" data-element_type=\"container\" data-e-type=\"container\">\n\t\t\t\t<div class=\"elementor-element elementor-element-f2de19a elementor-widget elementor-widget-text-editor\" data-id=\"f2de19a\" data-element_type=\"widget\" data-e-type=\"widget\" data-widget_type=\"text-editor.default\">\n\t\t\t\t<div class=\"elementor-widget-container\">\n\t\t\t\t\t\t\t\t\t<p>\u015eirket Mersis No:<br \/><i>0735059957500016<\/i><\/p><p>Ticaret Sicil Memurlu\u011fu:<br \/><i>\u0130stanbul<\/i><\/p><p>Ticaret Sicil Numaras\u0131:<br \/><i>610401<\/i><\/p><p>Ticaret \u00dcnvan\u0131:<br \/><i>Rozetevi Paz. San. Tic. Ltd. \u015eti.<\/i><\/p><p>Merkez:<br \/><i>\u00d6merli Mah., Kasaba Evleri, No:164, \u00c7ekmek\u00f6y, \u0130stanbul<\/i><\/p><p>Taahh\u00fct Edilen Sermaye:<br \/><i>\u20ba100.000<\/i><\/p><p>\u00d6denen Sermaye:<br \/><i>\u20ba100.000<\/i><\/p><p>M\u00fcd\u00fcr:<br \/><i>Kaan \u015eenver<\/i><\/p><p>Vergi Dairesi:<br \/><i>Sar\u0131gazi<\/i><\/p><p>Vergi Numaras\u0131:<br \/><i>7350599575<\/i><\/p>\t\t\t\t\t\t\t\t<\/div>\n\t\t\t\t<\/div>\n\t\t\t\t<\/div>\n\t\t\t\t<\/div>\n\t\t\t\t<\/div>\n\t\t","protected":false},"excerpt":{"rendered":"<p>Bilgi Toplumu Hizmetleri \u015eirket Mersis No:0735059957500016 Ticaret Sicil Memurlu\u011fu:\u0130stanbul Ticaret Sicil Numaras\u0131:610401 Ticaret \u00dcnvan\u0131:Rozetevi Paz. San. Tic. Ltd. \u015eti. Merkez:\u00d6merli Mah., Kasaba Evleri, No:164, \u00c7ekmek\u00f6y, \u0130stanbul Taahh\u00fct Edilen Sermaye:\u20ba100.000 \u00d6denen Sermaye:\u20ba100.000 M\u00fcd\u00fcr:Kaan \u015eenver Vergi Dairesi:Sar\u0131gazi Vergi Numaras\u0131:7350599575<\/p>\n","protected":false},"author":1,"featured_media":0,"parent":0,"menu_order":0,"comment_status":"closed","ping_status":"closed","template":"elementor_header_footer","meta":{"_joinchat":[],"footnotes":""},"class_list":["post-1580","page","type-page","status-publish","hentry"],"jetpack_sharing_enabled":true,"_links":{"self":[{"href":"https:\/\/rozetevi.com.tr\/index.php?rest_route=\/wp\/v2\/pages\/1580","targetHints":{"allow":["GET"]}}],"collection":[{"href":"https:\/\/rozetevi.com.tr\/index.php?rest_route=\/wp\/v2\/pages"}],"about":[{"href":"https:\/\/rozetevi.com.tr\/index.php?rest_route=\/wp\/v2\/types\/page"}],"author":[{"embeddable":true,"href":"https:\/\/rozetevi.com.tr\/index.php?rest_route=\/wp\/v2\/users\/1"}],"replies":[{"embeddable":true,"href":"https:\/\/rozetevi.com.tr\/index.php?rest_route=%2Fwp%2Fv2%2Fcomments&post=1580"}],"version-history":[{"count":14,"href":"https:\/\/rozetevi.com.tr\/index.php?rest_route=\/wp\/v2\/pages\/1580\/revisions"}],"predecessor-version":[{"id":1600,"href":"https:\/\/rozetevi.com.tr\/index.php?rest_route=\/wp\/v2\/pages\/1580\/revisions\/1600"}],"wp:attachment":[{"href":"https:\/\/rozetevi.com.tr\/index.php?rest_route=%2Fwp%2Fv2%2Fmedia&parent=1580"}],"curies":[{"name":"wp","href":"https:\/\/api.w.org\/{rel}","templated":true}]}}